77. What is the tens digit of n?
1
Let t = 3 - -19. Let p = t - 12. What is the tens digit of p?
1
Suppose -2*o - 52 = -6*o. Suppose -o = -x + 7. Suppose -2*f + x = 2*f. What is the units digit of f?
5
What is the tens digit of (132/(-16))/((-4)/32)?
6
Let x(k) = -24*k**3 - k. What is the tens digit of x(-1)?
2
Suppose 5*l + 18 = 2*l. Let p = l + 6. Suppose p = -2*u - 2*u + 16. What is the units digit of u?
4
Suppose 3*j + 20 = -j - 5*i, -20 = 4*j + i. Let m = 5 + j. Suppose m*z = 2*z + 5*n + 14, -4*z - 4 = 4*n. What is the units digit of z?
3
What is the hundreds digit of ((-62)/(-4))/(5 + 276/(-56))?
2
Let m(z) = -z + 12. Let i be m(9). Suppose -d + i*d = -2*x - 8, -5*d - 27 = -2*x. What is the units digit of x?
1
Suppose -5*a = 4*k + 18, 4*k = -3*a - 19 + 5. Let o = 6 + k. What is the units digit of o?
4
Suppose -d = -3*d + 220. Suppose 5*q = 3*w + 110, -q + d = 4*q - 4*w. What is the tens digit of q?
2
Let p = -9 - -11. What is the units digit of 3/(p - (-5)/(-4))?
4
Let v = 122 + -85. What is the tens digit of v?
3
Let s = 94 + -35. What is the units digit of s?
9
Let x(j) = -j - 12. Let k be x(-10). What is the units digit of -11*(k - -2 - 1)?
1
Suppose 4*z - 87 = -r, 0 = 5*r - 0*z - 4*z - 387. What is the tens digit of r?
7
Suppose -3*a = -8*a + 100. What is the units digit of a?
0
Suppose -116 = -4*h + 2*h. What is the tens digit of h?
5
Let g(a) = 4 + 0*a - a**2 + 4 - 7*a. Let n be g(-8). Suppose -3*b + n*c - 2*c = 3, 19 = 4*b - 5*c. What is the units digit of b?
1
Let o(w) = -2*w**2 - 2*w + 1. Let r be o(-2). Let f be 9/6*2/r. What is the units digit of (-2)/(-1) - (f - 7)?
0
Suppose -s = -6*s + 205. What is the units digit of s?
1
Suppose 0*r + f + 33 = 2*r, 0 = -r - 5*f - 11. Suppose v + v = r. Suppose v = 4*b - b + 5*h, -2*b - h = -14. What is the units digit of b?
9
Let r be (2 + -4 + 36)*1. Suppose 0 = r*t - 32*t - 78. What is the units digit of t?
9
Suppose a + 3*b = 82 + 13, 0 = 5*b + 25. What is the hundreds digit of a?
1
Suppose -3*d - 2*s + 285 = s, -5*d - 2*s + 460 = 0. What is the tens digit of d?
9
Suppose -4*o = -3*o. Let l(b) = b + 4. Let h be l(o). Suppose 4*f + h = 6*f. What is the units digit of f?
2
Let a(o) = -o**2 - 6*o + 5. Let x be a(-7). What is the tens digit of -3 - (x + 19)*-1?
1
Suppose -5*s + 5*v = -1040, 5*s = 2*s + 2*v + 620. What is the tens digit of s?
0
Let i = -55 - -132. What is the tens digit of i?
7
Let v = 4 + -1. Suppose 0 = -7*r + v*r + 20. Suppose 7*i - 28 = r*i. What is the tens digit of i?
1
Suppose -o + 100 + 4 = 0. Suppose 0 = -3*s + 100 + o. Suppose l + s = 5*l. What is the tens digit of l?
1
Let c be -2 - (-11 + 3 - 1). Let q be (-24)/30*(-5)/2. Suppose q*z = -2*o + c*z + 38, -4*o + 3*z = -48. What is the units digit of o?
9
Let r(o) = -o**2 - 11*o + 1. Let h be r(-4). Suppose 5*d - 3*n - 46 = 0, -3*n - 9 = d - h. What is the tens digit of d?
1
Let s = -301 + 433. What is the units digit of s?
2
Let c be (-4)/14 - (-204)/(-21). Let z(n) = n**2 + 9*n + 3. Let d be z(c). Let h = -8 + d. What is the units digit of h?
5
Suppose -3*r = -a - 12, 0*a - a - 12 = r. Let v be (-22)/a - 2/(-12). Suppose g - v = -0. What is the units digit of g?
2
Let r = -23 - -86. Suppose -5*t - 21 = -3*n, t + 4*t - r = -4*n. What is the tens digit of n?
1
Suppose w = 3*d + 7, 12 = -d - d - 3*w. What is the tens digit of (-5)/((12/16)/d)?
2
Let v be (3*(1 + 0))/1. Suppose 3*r = -4*o + 26 - 6, -3*r = v*o - 18. What is the units digit of r?
4
Let x(f) = f**3 + 5*f**2 - 8*f - 5. Let i be x(-6). What is the units digit of (38/4)/(i/14)?
9
Suppose 0 = 5*y + 30. What is the units digit of 2/3 - 2/y?
1
Suppose 4*d - 92 = 148. What is the tens digit of d?
6
Suppose 4*b - 16 - 30 = 2*s, b - 151 = 5*s. Let p = s - -56. What is the tens digit of p?
2
Suppose 0*w + 2 = w. Suppose 2*u = w*q - 8, -1 = q + 2*u + 1. What is the units digit of q?
2
Let i be (-2)/(-12) + (-438)/36. Let m = i - -27. What is the units digit of m?
5
Suppose -2*f = -6*f + 144. What is the units digit of f?
6
Suppose 0 = 4*s - z - 519, -5*z - 479 = -3*s - 77. Suppose -n + 2*n - 5*l - 43 = 0, 3*n - 3*l = s. What is the tens digit of n?
4
Suppose 24 = 3*i + 5*k - 14, -3*k = -2*i + 57. What is the units digit of i?
1
Suppose -3*k = -13 - 5. Let j = 11 - k. What is the units digit of 2/j*(24 - -1)?
0
Let r be (-3)/(3 + 0) + -9. Let g = 17 + r. What is the units digit of g?
7
Suppose 9*o - 680 = -5*t + 14*o, 2*t + 3*o - 257 = 0. What is the units digit of t?
3
Let d = 574 + -302. What is the units digit of d?
2
Let l(f) = -f - 6. Let w be l(-6). Suppose w*i + 26 = 2*i. What is the tens digit of i?
1
Suppose 0 = p + 2*j - 4, -3*p + 21 = 4*j - j. Let u = p + 7. Let r = u + -2. What is the tens digit of r?
1
Let c be ((-70)/21)/(2/6). What is the units digit of ((-2)/c)/(2/10)?
1
Suppose 2*t - 15 = o + 204, 5*t + 2*o - 543 = 0. What is the units digit of t?
9
Let h be 0 + 3 - (6 - 2). Let b be 3 - (0 + (-1)/h). What is the units digit of b/7 + 99/21?
5
Let g be (-1)/(4/(-10))*2. Suppose t + 0 = 2. Suppose -t*i + 1 = n - 0*n, -4*n - 2 = g*i. What is the units digit of i?
2
Let i(x) = 2*x**3 - 5*x**2 - 9*x + 33. What is the hundreds digit of i(6)?
2
Suppose 3*y + 2*t = -542, 5*y + 0*t = -t - 915. What is the units digit of (y/28)/1*-7?
6
Let h = 4 - 3. What is the units digit of h/4 - (-9)/12?
1
Let f = 16 - 11. Let a = 8 + 0. Let m = a - f. What is the units digit of m?
3
Let r(z) = 13*z**3 - 2*z**2 + z. Suppose -6 + 2 = -2*l. Suppose -l*i + 13 = 3*g, -i = -3*g - 0 - 2. What is the units digit of r(g)?
2
What is the units digit of 154/8 + (-2)/8?
9
Suppose -n = -8 - 5. Suppose 5*f - 3*a = -96, 4*f - 2*a + n + 65 = 0. What is the tens digit of (-4)/(-6) - 280/f?
1
Suppose 4*x = 16, -2*r - 6 = -3*x + 14. What is the units digit of (r/6)/(4/(-12))?
2
Suppose 6*a - 2*a = 0. Suppose a = -i - 8 + 34. Suppose 4*w = 5*r + 5 + 2, -2*w - 2*r + i = 0. What is the units digit of w?
8
Suppose 2*b = -4*k + 302, 3*k - k - 4*b = 176. What is the tens digit of k?
7
Let k(d) = d**3 + 4*d**2 + 2*d. Let s be k(-3). Suppose 2*u - u - 4*q + 14 = 0, q = 2*u. Let o = s + u. What is the units digit of o?
5
What is the tens digit of 6*(-11)/(99/(-84))?
5
Let a be 2*(-3)/(-6)*13. Let o = 26 - a. What is the tens digit of o?
1
What is the tens digit of (-217)/(-4) + 11/4 + -3?
5
Let w = 43 - 22. What is the tens digit of w?
2
Let t = -7 - -12. Suppose t*i + 0*a = -a + 1, -a = i - 1. Suppose -7 = -u - o + 5, 5*u - o - 42 = i. What is the units digit of u?
9
Let m be ((-10)/(-4))/(4/(-16)). Let g(w) = -2*w - 4. What is the units digit of g(m)?
6
What is the units digit of 9/(9/(-2)) - -67?
5
Let h(t) = t**2 + 7*t - 2. Let m be h(-8). Suppose -y = -2*y + m. What is the units digit of 9/y - 17/(-2)?
0
Let s(u) = 2*u**3 + u**2 - 3*u - 2. Let d be s(-2). Let p = 15 + d. Let o = p + -6. What is the units digit of o?
1
Let n(f) = f**3 - 8*f**2 + 5*f - 4. Let x be n(3). Let g = -23 - x. What is the units digit of g?
1
Let q(f) = -f**2 - 19*f + 4. What is the tens digit of q(-12)?
8
Let z(i) = 40*i**2 - 6*i - 11. What is the hundreds digit of z(-2)?
1
Suppose -q - w + 1 = 0, w + 1 = 2. Suppose q*s = 2*s. Let y = s - -4. What is the units digit of y?
4
Suppose -5*b = 0, u + 3*b = -u + 4. Let i = 8 + u. Suppose -3*s + i = -s. What is the units digit of s?
5
Suppose 1 - 16 = -f. Let u = -11 + f. What is the units digit of u?
4
Suppose -t + 147 = w, 2*t - 3*w = -w + 278. What is the units digit of t?
3
Let d = -21 + 83. What is the tens digit of d?
6
What is the hundreds digit of ((-760)/60)/(2/(-33))?
2
Suppose 0*i + 5*i = 55. What is the units digit of i?
1
Let x be (-25)/(-10) + 1/(-2). Suppose -x*f - 3*v = -21, -6 + 64 = 5*f + 2*v. What is the units digit of f?
2
What is the units digit of (-55)/2*(-8)/10?
2
What is the units digit of (-5)/(-2)*(-4)/30*-354?
8
Let v = -63 + 19. Let s = 62 + v. What is the tens digit of s?
1
What is the units digit of (6 + 364/(-12))/(1/(-3))?
3
Let v = -154 + 168. What is the units digit of v?
4
Let l be (-20)/2 - 4/(-2). Let a = -3 - l. Suppose -16 = 2*c - 4*v - 0*v, -2*c + a*v - 21 = 0. What is the units digit of c?
2
Suppose -3*z + 3 = 27. Let i = 0 - z. What is the units digit of i?
8
Let o be (5 - -37) + (-4)/(-2). Let z = -25 + o. What is the units digit